 + 5 + -1 + -8 - -1?
9
What is -32 + 16 + 17 + 16?
17
What is the value of (-50 - -58) + (12 - -4)?
24
-5 + 0 + 4 + 0 + -7
-8
Calculate -4 + (7 - 2 - (-4 - -5)).
0
What is the value of 2 + 2 + 0 + 4?
8
What is the value of (-1 + -21 - (-14 - -10)) + 25 + -24?
-17
What is the value of (26 + -17 - 21) + -21?
-33
Evaluate -31 + -14 + (-12 - -42) + -3.
-18
Calculate -11 - (1 + -11 - (-139 - -143)).
3
Evaluate (-16 - -25 - 0) + -11 - -23.
21
What is 52 - 22 - (21 + 0)?
9
Evaluate -11 + 16 - 15 - -11.
1
Evaluate 0 + 3 - (1 + 1) - (-27 + 19).
9
What is the value of (7 - (-3 - -25)) + (16 - -17)?
18
What is (17 - 38) + 2 + 11 - 0?
-8
Evaluate 30 + (-21 - -27 - 14).
22
(-1078 - -1055) + (45 - 0)
22
10 + (17 - 24) + -8
-5
Calculate -1 + -2 + (56 - (116 + -41)).
-22
Calculate 51 + -19 + -19 + 11.
24
42 + 0 + (19 - (42 - 9))
28
9 + (-30 - -54) - 27
6
Calculate -3 + -16 + 1 + -23 + 23.
-18
What is the value of -2 + 4 - (-39 + (-35 - -90))?
-14
-6 + (1 - (-82 + 102 + (-4 - 0)))
-21
What is 33 + (-44 - -47 - 29)?
7
What is the value of 1 + (-5 - (5 + -10)) + -7 + 1?
-5
What is the value of (1 - -5) + (-31 - -26) + 0 + 9?
10
Evaluate (3 - (-11 + (-11 - -12))) + 1.
14
Evaluate (0 - 14) + 76 + -74.
-12
(13 - 6) + (6 + -12 - -1)
2
10 + (-1 + -4 + -15 + 16 - -5)
11
2 + (-9 - (6 - 12)) + 0
-1
Evaluate -7 + (2 - (4 + -4)) + -1.
-6
Evaluate -2 - -1 - (26 + -15 + 3 - -1).
-16
Calculate (-1 - 0) + 2 + (31 - 38).
-6
What is -12 + 9 + 12 + -6?
3
Calculate 1 - 2 - (14 - 25).
10
Evaluate (-30 - -6) + 70 + -35.
11
What is the value of 12 + (-5 - (-3 + 2 + -8 + 2))?
14
-1 + 9 + 0 + -11
-3
What is 8 - (-1 - 1 - (17 + -21))?
6
Calculate 15 + -62 + 33 + 18.
4
What is the value of 22 + 0 - (-67 - (-47 - 27))?
15
Evaluate -5 - ((10 - 11 - -4) + -3).
-5
Calculate 3 - (19 - (-8 + 5 - -10)).
-9
What is -55 - -51 - -5 - (0 - (2 + 2))?
5
Evaluate (-5 - 2 - 2) + 3 + 4 - -2.
0
Evaluate -6 - (8 - 1 - (8 - (-4 + -13))).
12
Calculate -6 - (-8 + 2) - 4 - (-8 - 4).
8
Calculate 72 + -9 + -41 - (0 + 11).
11
What is the value of 16 + 23 + (-50 - -8)?
-3
What is the value of 20 + -6 + (-13 - -10) + 9?
20
What is the value of (2 - -23) + 0 + 1 + -14?
12
What is 8 + -7 + -1 + 14 - 4?
10
What is the value of (-3 - 1 - -1) + (-106 - -127)?
18
Evaluate 1891 - 1881 - (2 - -3 - (0 + 0)).
5
What is the value of (-21 + 9 + 10 - 2) + -5 - -39?
30
3 - (6 + (-12 + -6 - (-5 - -10)))
20
What is (971 - 953) + 2 + -13?
7
Calculate -1 + (-11 - -4 - 0) - -9.
1
What is the value of 2 + -15 - (0 - (-43 - -30))?
-26
What is 1 + 1 - ((22 + -12 - -5) + -17)?
4
What is 10 + 0 + 52 + -51 + -8 + 0?
3
Calculate (4 - (-11 + (2 - 2) + 8)) + 9.
16
Calculate -5 + (-21 - (1 - (18 - 10))).
-19
Evaluate (1 - 6) + -6 + (3 - 19 - -6).
-21
What is 17 + (14 - 36) - (-18 - -1)?
12
Calculate 5 - ((3 - 4) + 12).
-6
Calculate -67 + (1 - -68) + (1 - (-1 + -8)).
12
What is the value of 5 - (-5 + 24 - 24 - (-7 + 2))?
5
(-17 + 4 - -9) + -19 + 17
-6
What is the value of (-8 - -14) + -13 + 11?
4
Evaluate (-44 - (7 - 8)) + 10 - (-2 - 5).
-26
Evaluate 15 + 1 - (4 - (-11 - -7)).
8
Evaluate (4 - (-5 - (-3 + 7))) + (-1 - -3).
15
What is the value of 8 - (24 + -14 + 21)?
-23
Calculate 11 + (-35 - (0 + -13)).
-11
Calculate 28 - (-8 - (-44 + 34)).
26
What is the value of 1 - ((-35 - -28) + 22 + -2)?
-12
What is the value of -68 + 36 + -8 + 6?
-34
What is the value of -6 + (-6 + 21 - 12)?
-3
40 + -66 + 1 + 3 + (9 - 3)
-16
What is the value of 22 - (15 + (12 - 31))?
26
Evaluate 4 + -6 + 1 + 2 + 10.
11
Calculate 20 - 0 - (30 + 16 + -34).
8
What is the value of 10 + 11 + -7 + -9 + 0 + 4?
9
What is (421 - 434) + 12 + -1?
-2
Calculate -3 - 1 - (14 - (-1 - (-5 - 6))).
-8
What is the value of 8 - (65 - 40 - (2 - -4))?
-11
What is the value of 3 - (-1 - (4 + -3 + (0 - -8)))?
13
What is 1 + 16 - (28 + -14 - 7)?
10
What is -1 + 5 + (9 - 0) - -1?
14
What is the value of 20 + (-16 - 13) + -7?
-16
What is the value of -3 + -6 + (20 - 22)?
-11
(-2 - -6) + -6 + 16
14
What is the value of -13 - -9 - ((-6 - 2) + 13)?
-9
What is the value of -3 + (-5 - -12) + (-1 - (6 - 8))?
5
What is (0 - ((4 - 5) + 2)) + 5 + -13?
-9
Calculate -24 - (-160 + 170 - (1 + -2 - -17)).
-18
What is 1 + 13 + (19 + -20 + -3 - 7)?
3
Calculate 3 - (2 - (4 + -1)) - 7.
-3
What is -1 + 8 + -7 + 6?
6
-2 + (-4 - (0 + 0) - 4)
-10
What is 17 - (14 + 1 - (45 + -38)) - 33?
-24
What is the value of -111 - -134 - (10 + -2 + 0)?
15
-25 + 15 + 22 + -22
-10
What is the value of (163 - 171) + 0 + -11?
-19
What is the value of -5 - (1 + 5 - (0 - (-9 + 5)))?
-7
11 + (-21 - -18) + 6
14
Evaluate (0 - -6) + -24 + 19 - 7.
-6
What is 16 + (12 - 24) + -6?
-2
What is the value of 23 - (-2 - 18 - -20)?
23
11 + (16 + -11 - 26)
-10
(-11 - (-7 - -2)) + 4 + (-13 - -2)
-13
16 - (-14 + (13 - -15))
2
What is the value of (-5 - (7 - (2 - -3))) + -32?
-39
Evaluate 26 + 25 + -21 - 36.
-6
What is the value of -4 + (7 - (-8 + -10 + 20 - 11))?
12
What is (-2 - -2) + (100 - 97) + -5?
-2
What is (1 - 8) + (3 - 1) + 121 + -117?
-1
(-10 - (-1 - -8)) + 21
4
Evaluate -34 - (-8 - (0 - -14)).
-12
Calculate -18 + (15 - (-2 + -1)).
0
Calculate (-48 - -23) + (6 - (-3 - 1)).
-15
0 + -3 + (8 + -11 - -2 - -4)
0
Evaluate 2 + (3 - 2) + 2 + -4.
1
What is -41 + 32 + (26 - 32)?
-15
What is the value of 1 + -1 + 1 + 3 + -7 + 0?
-3
(-1 - -2) + 6 + 2 - (5 + 2)
2
What is the value of 2 + 19 + (-6 - -13) + -13?
15
Calculate -8 + (2 - 5) + 20.
9
What is (-4 - 3) + 1 + -97 + 95?
-8
(-1 + -4 - (34 - 41)) + -4 - 13
-15
Evaluate -2 - (-7 + 11 + -5 - 8).
7
Evaluate -2 + (3 - 4) - (1 - 1).
-3
What is -1 + -10 + (9 - (1 + 13 + -6))?
-10
What is 44 + -17 + -32 + -10 + (3 - 3)?
-15
-18 + (16 - -2) + 4 + (5 - -1)
10
(-44 - (-22 + (7 - -8))) + 15
-22
What is 21 - (35 + -29) - 12?
3
Calculate -9 + (10 - -8 - 5).
4
-1 - 27 - (-38 + (-20 - -57))
-27
Calculate (-2 - -33 - (-1 - -1)) + (-64 - -55).
22
13 + 1 + -18 + 3
-1
Calculate 1 + 10 - (1 + -4 + 6).
8
Evaluate -15 + 20 + (-1 - -5 - 13).
-4
Evaluate (16 - (14 - -1)) + (2 - (-5 + 2)).
6
15 + 11 + -20 + 8
14
(-15 - (-73 - -17)) + -15
26
Calculate (-24 - (-8 - (-8 + 16))) + -14.
-22
(5 + -3 - (6 - -7)) + 10 + -10
-11
What is the value of 3 + 8 - 4 - ((4 - 2) + 5)?
0
Calculate 0 - 2 - ((-2 - 1) + 2 + -8).
7
Calculate -4 + 17 + (-12 - -11 - 15).
-3
Calculate -10 + 23 - 29 - -5 - -8.
-3
-6 + -5 + (7 - (-8 + 14) - 1)
-11
Evaluate 14 - ((1 - (-3 - -12)) + 11 + -1).
12
What is 9 + (-10 - -12 - 15) + -20?
-24
(-2 + -2 - -2) + 373 + -384
-13
(12 - 6) + (-35 - -36)
7
What is the value of -5 + 17 + (10 - (10 - -6))?
6
What is the value of (-6 - (-10 - 36)) + (-9 - -8) + -1?
38
Calculate -12 - (-14 - (-4 + 6 + -3)).
1
What is 4 + -24 + 11 + 0 + 4?
-5
Calculate -8 + (6 + 0 - (29 + -28)).
-3
Calculate 15 + -6 + -30 - -7.
-14
Calculate -2 + -1 - ((2 - -10) + -21).
6
What is the value of -2 + -23 - (19 - 12) - (-10 - 0)?
-22
What is -7 + 32 - 17 - (-22 + 1)?
29
What is the value of (-15 + 1 + 1 - -5) + -2?
-10
Evaluate -59 - -59 - (4 - (-2 - -7)).
1
Calculate 8 + (-5 + 8 - 9) + 14.
16
1 + 7 - (-292 + 337 - (-2 - -1))
-38
(-15 - -2) + (-15 - -36)
8
-11 + (16 - 10 - 16) - (2 - 10)
-13
Calculate (-9 - 2) + 3 - -3 - -17.
12
What is the value of 10 + (-2 - 7) + (5 - 1)?
5
What is -35 + (41 - -12) - (1 + 0)?
17
Calculate 19 + (-16 - 16) + 30.
17
1 + (-4 - (-15 + 0))
12
-1 + 12 + (-4 - -2 - (0 + -4))
13
What is the value of -7 + (-3 + -5 + 9 - 2)?
-8
What is 3 + -2 + -5 + (-8 - -7)?
-5
Calculate (-21 - (-12 - -4)) + 0 + 3.
-10
Calculate -492 + 467 + (25 - 0) + (-12 - -2).
-10
What is 15 - (29 - (6 + 8)) - 9?
-9
Evaluate (-5 - (-11 - 3 - -15)) + 0 + -11.
-17
Calculate -1 - 11 - (83 + -71 - (3 - -1)).
-20
Calculate (-3 - -27) + (-42 + 34 - -5).
21
Evaluate 11 + (-4 - -11 - 15 - -6).
9
Calculate 22 + (-38 - (1 + 18)).
-35
What is the value of -24 + (-28 - (-79 + 22))?
5
What is 2747 - 2769 - (1 + 0 + -2)?
-21
Calculate -10 - -1 - (13 + -13).
-9
What is the value of (-18 + 4 + -4 + -4 - -3) + -8?
-27
What is 3 - (5 + 0 + 4) - (5 - 9)?
-2
Calculate 24 + -3 + -8 - -10.
23
What is the value of 26 - (-21 + 66) - -31?
12
Calculate 2 - -6 - (1 + -8 + -1 + 4).
12
Calculate (2 - -5) + -1 + (1 - (-10 - -5)).
12
Calculate -6 + 2 + 22 + -6 + -10 + -13.
-11
Evaluate 11 - (-1 + -9 + 17 - -11).
-7
What is -21 + (9 - (5 + 0))?
-17
What is the value of -29 -